 69941.
69941
What are the prime factors of 293605?
5, 13, 4517
List the prime factors of 7813607.
67, 139, 839
What are the prime factors of 63975?
3, 5, 853
What are the prime factors of 4597856?
2, 53, 2711
List the prime factors of 491710.
2, 5, 49171
What are the prime factors of 22289560?
2, 5, 67, 8317
What are the prime factors of 3609045?
3, 5, 11, 23, 317
List the prime factors of 23266785.
3, 5, 1069, 1451
List the prime factors of 4838.
2, 41, 59
What are the prime factors of 88047?
3, 1087
What are the prime factors of 125083?
7, 107, 167
List the prime factors of 1733347.
7, 11, 22511
List the prime factors of 3988549.
1399, 2851
What are the prime factors of 1346953?
1346953
What are the prime factors of 1302716?
2, 19, 61, 281
List the prime factors of 1132523.
7, 17, 31, 307
What are the prime factors of 4287404?
2, 11, 97441
What are the prime factors of 321463?
103, 3121
List the prime factors of 269296.
2, 16831
What are the prime factors of 136406?
2, 241, 283
What are the prime factors of 4538173?
4538173
List the prime factors of 447275.
5, 17891
List the prime factors of 15709328.
2, 271, 3623
What are the prime factors of 15994?
2, 11, 727
What are the prime factors of 220470?
2, 3, 5, 7349
List the prime factors of 16748386.
2, 19, 613, 719
What are the prime factors of 425637?
3, 47293
List the prime factors of 427886.
2, 213943
What are the prime factors of 34911536?
2, 11, 293, 677
List the prime factors of 2278747.
2278747
What are the prime factors of 338214?
2, 3, 56369
What are the prime factors of 421613?
23, 797
What are the prime factors of 67433?
67433
List the prime factors of 12805043.
23, 556741
List the prime factors of 216092.
2, 89, 607
List the prime factors of 169484.
2, 7, 6053
What are the prime factors of 369736?
2, 113, 409
List the prime factors of 4683838.
2, 2341919
What are the prime factors of 8110481?
89, 91129
What are the prime factors of 7427219?
29, 193, 1327
What are the prime factors of 23628506?
2, 11, 1074023
List the prime factors of 7389179.
7, 1055597
List the prime factors of 1632401.
461, 3541
List the prime factors of 143660.
2, 5, 11, 653
What are the prime factors of 2475507?
3, 131, 6299
List the prime factors of 1073731.
101, 10631
What are the prime factors of 380182?
2, 11, 1571
List the prime factors of 925095.
3, 5, 61673
List the prime factors of 2585753.
1201, 2153
What are the prime factors of 85962?
2, 3, 14327
List the prime factors of 837949.
7, 349
List the prime factors of 5197415.
5, 181, 5743
List the prime factors of 142821.
3, 7, 2267
List the prime factors of 1051803.
3, 116867
What are the prime factors of 1219831?
1219831
List the prime factors of 220796.
2, 17, 191
What are the prime factors of 195862?
2, 97931
List the prime factors of 11572.
2, 11, 263
What are the prime factors of 327782?
2, 7, 13, 1801
What are the prime factors of 6381164?
2, 31, 51461
List the prime factors of 6956613.
3, 263, 2939
What are the prime factors of 137638?
2, 68819
What are the prime factors of 249139?
11, 29, 71
List the prime factors of 340298.
2, 7, 109, 223
List the prime factors of 541085.
5, 108217
List the prime factors of 32505054.
2, 3, 17, 318677
What are the prime factors of 578434?
2, 29, 9973
List the prime factors of 5367843.
3, 13, 41, 373
List the prime factors of 13031631.
3, 491, 983
What are the prime factors of 496470?
2, 3, 5, 13, 19, 67
What are the prime factors of 791438?
2, 395719
What are the prime factors of 40428?
2, 3, 1123
What are the prime factors of 147148?
2, 36787
List the prime factors of 6870338.
2, 3435169
List the prime factors of 3941202.
2, 3, 251, 2617
List the prime factors of 8086280.
2, 5, 113, 1789
List the prime factors of 5701552.
2, 37, 9631
What are the prime factors of 166669?
166669
List the prime factors of 507917.
507917
List the prime factors of 4482423.
3, 11, 19, 2383
What are the prime factors of 43417?
11, 3947
List the prime factors of 364871.
13, 17, 127
What are the prime factors of 115477?
37, 3121
List the prime factors of 963123.
3, 7, 45863
What are the prime factors of 3097308?
2, 3, 258109
What are the prime factors of 105321?
3, 35107
List the prime factors of 24904297.
11, 2264027
List the prime factors of 314021.
314021
List the prime factors of 19286361.
3, 37, 57917
List the prime factors of 5365648.
2, 491, 683
What are the prime factors of 10431054?
2, 3, 579503
What are the prime factors of 6735894?
2, 3, 11, 102059
List the prime factors of 65566.
2, 32783
What are the prime factors of 1637270?
2, 5, 17, 9631
List the prime factors of 4340887.
4340887
List the prime factors of 9906122.
2, 4953061
What are the prime factors of 6632?
2, 829
What are the prime factors of 19992376?
2, 83, 30109
List the prime factors of 425354.
2, 212677
What are the prime factors of 3895206?
2, 3, 7, 13249
What are the prime factors of 139442?
2, 113, 617
What are the prime factors of 122504?
2, 15313
List the prime factors of 1884609.
3, 209401
What are the prime factors of 77523?
3, 25841
List the prime factors of 6205.
5, 17, 73
What are the prime factors of 5514579?
3, 7, 17, 19, 271
List the prime factors of 309122.
2, 11, 14051
What are the prime factors of 516224?
2, 37, 109
What are the prime factors of 31422?
2, 3, 5237
List the prime factors of 1328085.
3, 5, 11, 2683
What are the prime factors of 17500184?
2, 13, 191, 881
List the prime factors of 527949.
3, 58661
What are the prime factors of 2016348?
2, 3, 168029
List the prime factors of 11378197.
41, 97, 2861
List the prime factors of 1039862.
2, 519931
List the prime factors of 2944704.
2, 3, 7, 313
List the prime factors of 542784.
2, 3, 11, 257
What are the prime factors of 363282?
2, 3, 191, 317
What are the prime factors of 11382134?
2, 1951, 2917
List the prime factors of 866036.
2, 216509
What are the prime factors of 158123?
7, 461
What are the prime factors of 36167?
59, 613
List the prime factors of 183551.
31, 191
List the prime factors of 8296150.
2, 5, 277, 599
What are the prime factors of 22546022?
2, 191, 59021
What are the prime factors of 21008?
2, 13, 101
List the prime factors of 3722010.
2, 3, 5, 124067
List the prime factors of 1109982.
2, 3, 184997
What are the prime factors of 1191734?
2, 17, 35051
What are the prime factors of 1094008?
2, 136751
List the prime factors of 1884758.
2, 23, 40973
What are the prime factors of 172393?
13, 89, 149
List the prime factors of 13394.
2, 37, 181
What are the prime factors of 821924?
2, 53, 3877
List the prime factors of 344286.
2, 3, 31, 617
What are the prime factors of 3962490?
2, 3, 5, 7, 18869
List the prime factors of 1622155.
5, 324431
List the prime factors of 423772.
2, 105943
List the prime factors of 3458002.
2, 1729001
List the prime factors of 2427078.
2, 3, 404513
List the prime factors of 227659.
97, 2347
What are the prime factors of 653362?
2, 326681
What are the prime factors of 25120?
2, 5, 157
What are the prime factors of 652298?
2, 326149
What are the prime factors of 10484709?
3, 101, 34603
List the prime factors of 34067.
11, 19, 163
What are the prime factors of 20427925?
5, 7, 116731
List the prime factors of 18100001.
31, 113, 5167
List the prime factors of 537901.
7, 13, 23, 257
What are the prime factors of 5312657?
7, 41, 107, 173
What are the prime factors of 132892?
2, 33223
List the prime factors of 1959306.
2, 3, 251, 1301
What are the prime factors of 521768?
2, 13, 29, 173
List the prime factors of 4525145.
5, 17, 139, 383
What are the prime factors of 116198?
2, 58099
List the prime factors of 10416899.
31, 336029
List the prime factors of 226607.
41, 5527
What are the prime factors of 11062935?
3, 5, 13, 18911
What are the prime factors of 572973?
3, 31, 61, 101
List the prime factors of 21418341.
3, 7, 145703
What are the prime factors of 19897561?
19897561
What are the prime factors of 717419?
717419
List the prime factors of 168386.
2, 59, 1427
What are the prime factors of 51726?
2, 3, 37, 233
What are the prime factors of 627908?
2, 29, 5413
List the prime factors of 1446808.
2, 11, 41, 401
What are the prime factors of 133537?
41, 3257
List the prime factors of 11566313.
11, 241, 4363
List the prime factors of 1482726.
2, 3, 7, 43, 821